er when m(s) is divided by 6?
5
Let z = 1 - 12. Let l = 35 - 22. Let y = l + z. What is the remainder when 6 is divided by y?
0
Let d(o) be the second derivative of 3*o**2 + 4*o + 1/6*o**4 + 0 + o**3. Calculate the remainder when 41 is divided by d(-4).
13
Suppose 4*u - 5*u - 36 = 0. Let s = u - -82. Calculate the remainder when 136 is divided by s.
44
Suppose 0 = 4*r - 238 + 46. Let z(y) = -30*y + 347. Calculate the remainder when r is divided by z(11).
14
Let s(r) = r. Suppose -5 + 4 = -n, 4*p = -2*n + 10. Let u be (p + 1 - 1) + 3. What is the remainder when s(u) is divided by 4?
1
Suppose -5*r - 5 = 0, -6*r + 77 = 3*l - 5*r. Calculate the remainder when 50 is divided by l.
24
Let d(f) = 19*f + 9. Let i(q) = 28*q**3 + 2*q - 1. What is the remainder when d(4) is divided by i(1)?
27
Let r = 12 + -7. Suppose -8*o + 186 = -r*o. What is the remainder when o is divided by 17?
11
Let n be (-2 - -3)*-165 - 0. Let g be 32/(-6)*n/4. Suppose 5*p + g = 10*p. What is the remainder when p is divided by 24?
20
Let f(l) = -6*l + 3. Let u(d) = -3 + d - 4*d + d**2 - 2*d + 4*d. Calculate the remainder when f(-2) is divided by u(4).
6
Suppose 59*r - 63*r = j - 56, 70 = 5*r + 4*j. Calculate the remainder when r is divided by (-9)/(-1) + 2 + -1.
4
Let m be -2 + (0 - 0) - -31. Suppose -36*d + 1365 = -m*d. What is the remainder when d is divided by 33?
30
Let t(a) = -4*a**2 - 20*a + 2. Let b be t(-5). Suppose -b*h + 3*u + 24 = 0, 0*h + 5*u = 3*h - 37. What is the remainder when 42 is divided by h?
6
Suppose 665 = 14*m - 2261. What is the remainder when m is divided by (-12)/8*(0 + -10)?
14
Suppose 128*h - 7 = 127*h. Calculate the remainder when h is divided by 6.
1
Let a = 1799 + -1689. Calculate the remainder when a is divided by 13.
6
Suppose 3*t - 5*x - 24 = 22, -5*t - 5*x = -10. Let p = 52 + -21. Calculate the remainder when p is divided by t.
3
Let f(r) = -r + 0*r + 5*r - 3*r. Let i be f(-4). Let q = i - -16. Calculate the remainder when 35 is divided by q.
11
Suppose 1659 = -0*t + 7*t. Suppose -l - 53 = -z, 5*z + 0*l + 2*l = t. Calculate the remainder when z is divided by 19.
11
Suppose -135 = -3*l + 5*x, -2*x = -6*l - 6*x + 228. Calculate the remainder when 1038 is divided by l.
38
Let b = 72 + -9. Calculate the remainder when b is divided by (3/2)/((-144)/(-768)).
7
Let f be 0/((-16)/6 - (-6)/9). Suppose 3*z + 12 = 0, -4*w + f*w = 4*z - 12. What is the remainder when 20 is divided by w?
6
Suppose -104 = -w - w. Suppose 3*p - 7*l + 3*l = 34, p + 5*l = 43. What is the remainder when w is divided by p?
16
Suppose -o = 4*o + 5*h - 35, 17 = -o + 5*h. Suppose -3*v - 12 = 0, 160 - 24 = -o*k - v. What is the remainder when 42 is divided by (24/(-16))/(6/k)?
9
Let u(h) = h**2 + 3625*h + 2 + 0*h**2 - 3625*h. What is the remainder when 188 is divided by u(-6)?
36
Suppose 0 = -l + 10 + 32. Suppose y - 3*y = -l. Let g(s) = -s**3 + 8*s**2 - 4*s - 9. What is the remainder when y is divided by g(7)?
9
Let g = -118 - -65. Let n = 91 + g. What is the remainder when n is divided by 14?
10
What is the remainder when 61*((-110)/(-33) - 2/6) is divided by 170?
13
Suppose -952 = -0*f - 8*f. What is the remainder when f is divided by 4/48 - 9347/(-156)?
59
Suppose 7 = 2*o + 17. Suppose 5*a + 15 = -0*a, 2*a = -5*u + 4. Calculate the remainder when u is divided by (-15)/(-25) - 2/o.
0
Let x = 100 - 74. Calculate the remainder when (-20 - -2)*(-17)/3 is divided by x.
24
Let o = 44 + 312. What is the remainder when o is divided by 12?
8
Let f = 16 - 14. Suppose 0 = d + l - 7, 0*d = f*d + 4*l - 22. Suppose -40 - 10 = -5*c. Calculate the remainder when c is divided by d.
1
Let m(h) = -3 + 11*h - 4*h - h**3 - 6 + 3 + 4*h**2. Suppose -3*y = -5*z + 220, 0 = -5*z + z - 2*y + 154. Calculate the remainder when z is divided by m(4).
19
Let l = -249 + 281. What is the remainder when 253 is divided by l?
29
Let j(w) = 2*w**2 + 9*w. Let u be j(-6). Suppose q + 5*b = -u, -4*b = -3*q + b - 54. Let x = q - -24. What is the remainder when 20 is divided by x?
2
What is the remainder when 227 is divided by (-1776)/(-185) - 1*(-4)/10?
7
Calculate the remainder when (-516)/8*(-16)/24 is divided by 6.
1
Let m = -26 + 31. Suppose y = 3*o - 12, -4*y - y = -m*o + 10. Suppose 7*k = 58 + o. Calculate the remainder when 34 is divided by k.
7
Suppose 5*v - 3*t - 508 = -0*v, 402 = 4*v + 2*t. Calculate the remainder when 366 is divided by v.
63
Let k(i) = 21*i - 121. What is the remainder when k(19) is divided by 28?
26
Suppose -4*x + 19 = -5. Let z(f) = -12*f + 6. Let u be z(-3). Suppose -4*m - u = -x*m. Calculate the remainder when m is divided by 11.
10
Let o be 450/(-12)*4/(-2). Let w = -41 + o. What is the remainder when w is divided by 9?
7
Let u(h) = -17*h - 16. Let n be u(-7). Suppose -6*z - 1 + n = 0. What is the remainder when 133 is divided by z?
14
Let w = 125 + -111. Suppose -10*n = -11*n + 95. Calculate the remainder when n is divided by w.
11
Suppose m + 13 = 6*i - i, 2*i = -2*m - 14. Let y = m - -11. Suppose -y*c + 196 = c. Calculate the remainder when c is divided by 17.
15
Let z = -49 + 72. What is the remainder when 258/4*10*(-9)/(-135) is divided by z?
20
Let t(i) = i**3 - 2*i**2 + 1. Suppose -74*d - 50 = -79*d. Suppose -d - 305 = -5*s. Calculate the remainder when s is divided by t(4).
30
Let v(w) be the second derivative of -w**4/12 - 4*w**3/3 + 15*w**2/2 + 6*w. What is the remainder when 40 is divided by v(-8)?
10
Suppose -12 = -2*n - 6. Suppose -n*x - 99 = -5*k, 3*x + 38 = k + 11. What is the remainder when k is divided by 4?
2
Suppose 7*w = 7 + 28. Suppose -2*l - 2*z + 6*z = -46, -w*l + 3*z + 143 = 0. Calculate the remainder when 121 is divided by l.
28
Suppose 273 - 269 = 4*f. Let s(x) = -2*x**2 - 3*x. Let c be s(-2). Calculate the remainder when 35 is divided by (f/c)/(2/(-52)).
9
Let i be (36 - 0)*64/48. Let l = 80 - i. Suppose 2*y - 77 = -5*d, y + 3*d - 7*d = l. What is the remainder when y is divided by 13?
10
Let w = 30 - 26. Suppose -4*p + 72 = b, w = 3*p - 2. Calculate the remainder when b is divided by 13.
12
Suppose -3691 = -96*g + 149. What is the remainder when 107 is divided by g?
27
Suppose 7*y = 2*y - 5*u + 105, y + 3*u = 29. What is the remainder when 25 is divided by y?
8
Suppose 2*u - 4*u + d + 83 = 0, 5*u - 5*d = 215. Let t = u - 17. What is the remainder when 66 is divided by t?
20
Suppose 0 = 3*j - 6*j + 18. Suppose 4*c - j*c + 24 = 0. Calculate the remainder when 34 is divided by c.
10
Let u(v) be the second derivative of v**4/6 - 13*v**3/6 + 6*v**2 + 11*v. Calculate the remainder when u(8) is divided by 8.
4
Let t be (-221)/(-4) - (-7)/(-28). Let s = -123 + 84. Let r = s + t. Calculate the remainder when r is divided by 11.
5
Let m(n) = n**2 - n + 4. Suppose -2*v + 3*b - 140 = 7*b, -4*v = 2*b + 280. Let x = v + 132. What is the remainder when x is divided by m(4)?
14
Let h(p) = p**3 - 4*p**2 - 13. What is the remainder when h(6) is divided by 22?
15
Suppose 5*h + 248 = 13*h. What is the remainder when h is divided by 3/(((-8)/(-12))/2)?
4
Let b be 1362/12 - 2/(-4). Suppose -4*t + 305 = -3*c, -262 - b = -5*t + 2*c. What is the remainder when t is divided by 19?
17
Suppose 2*d = 3*q - 4, -3*d + 5*q - 32 = -6*d. Suppose 0*a + 3*a = -9, 0 = 3*g + a - 15. What is the remainder when 41 is divided by 17 + d/((-8)/g)?
13
Let l = 505 - 468. What is the remainder when 180 is divided by l?
32
Suppose -72*u - 2155 = -25411. Calculate the remainder when u is divided by 82.
77
Calculate the remainder when (-6)/39 + -2 + (-23037)/(-91) is divided by 46.
21
Let j = 24 + -9. Suppose -22*x + 27*x - 145 = 5*m, -3*x - 2*m + 107 = 0. Suppose x = 3*p - j. Calculate the remainder when 60 is divided by p.
12
Suppose -2*z - z = -9. Suppose z*m + 13 = 103. Suppose 0 = -0*r - 2*r + m. What is the remainder when 58 is divided by r?
13
Suppose 5*z = -4*n + 68, -4*z + 5*n + 103 = 24. Calculate the remainder when 189 is divided by z.
13
Suppose -n = -3*j + 3*n + 48, -j - 4*n + 16 = 0. Suppose 582 = j*p - 10*p. What is the remainder when p is divided by 20?
17
Suppose 13 = 4*t - 3. Calculate the remainder when (1 + 393/15)*(t - -1) is divided by 28.
24
Calculate the remainder when 6 is divided by (-20 - -10)/5 + 4 + -1.
0
Suppose 2*i + 5*m + 106 = 0, -4*i - 199 = m + 13. Let q = -40 - i. What 